ivisor of 960 and 1187440.
80
Calculate the highest common divisor of 23461 and 841.
29
Calculate the greatest common divisor of 3959 and 1147.
37
Calculate the highest common divisor of 181120 and 1920.
640
What is the greatest common factor of 189225 and 1800?
225
Calculate the highest common factor of 1546802 and 116.
58
Calculate the highest common divisor of 180 and 2495805.
15
Calculate the greatest common factor of 1240343 and 2847.
949
Calculate the highest common factor of 6608 and 630.
14
Calculate the highest common divisor of 1390833 and 1863.
207
What is the highest common divisor of 142 and 11002018?
142
Calculate the highest common factor of 984640 and 4080.
1360
What is the greatest common factor of 560247 and 1313?
101
Calculate the highest common divisor of 325 and 40235.
65
Calculate the greatest common divisor of 30981 and 69.
69
Calculate the greatest common factor of 99 and 31617.
9
Calculate the highest common factor of 498 and 6467775.
249
Calculate the greatest common divisor of 3401209 and 19.
19
Calculate the greatest common factor of 14429 and 10481.
47
Calculate the highest common factor of 750296 and 24.
8
What is the greatest common divisor of 51917 and 4842?
269
What is the highest common factor of 261 and 886791?
87
Calculate the highest common divisor of 7412 and 13516.
436
Calculate the highest common divisor of 3441 and 11359.
37
What is the highest common divisor of 465 and 8680?
155
What is the greatest common divisor of 923445 and 45?
45
Calculate the greatest common factor of 116179 and 49.
49
Calculate the greatest common divisor of 1974 and 12314.
94
Calculate the greatest common factor of 742 and 14204.
106
Calculate the highest common factor of 49 and 1267.
7
What is the greatest common factor of 78436 and 140?
4
Calculate the greatest common divisor of 52 and 87828.
52
What is the greatest common divisor of 1528 and 5272?
8
What is the greatest common factor of 85332 and 1560?
156
What is the highest common divisor of 237756 and 36?
12
Calculate the highest common divisor of 5730 and 33870.
30
What is the greatest common factor of 70902 and 338?
26
Calculate the greatest common divisor of 1347996 and 48.
12
What is the highest common divisor of 5133 and 1914?
87
Calculate the greatest common divisor of 975 and 179205.
195
What is the greatest common divisor of 462 and 175770?
42
What is the greatest common factor of 1060 and 2390?
10
Calculate the greatest common factor of 4645 and 95.
5
Calculate the highest common divisor of 978527 and 121.
121
What is the highest common divisor of 475 and 6725?
25
Calculate the greatest common factor of 3133 and 201958.
241
Calculate the highest common factor of 78576 and 2208.
48
What is the highest common divisor of 7342279 and 7?
7
What is the highest common factor of 289984 and 207?
23
Calculate the greatest common factor of 4624 and 14926.
34
What is the highest common divisor of 25 and 9305?
5
What is the highest common divisor of 2953320 and 120?
120
What is the greatest common divisor of 2175 and 95775?
75
Calculate the highest common factor of 3710 and 6615.
35
What is the greatest common factor of 162 and 4974?
6
What is the greatest common divisor of 52650 and 15?
15
What is the greatest common factor of 270 and 106515?
135
Calculate the highest common factor of 189112 and 28.
28
What is the greatest common factor of 403 and 51116?
13
Calculate the greatest common factor of 819 and 1926.
9
What is the greatest common divisor of 96 and 149820?
12
Calculate the highest common divisor of 136 and 88213.
17
What is the highest common divisor of 294 and 29358?
42
What is the highest common factor of 414 and 66102?
138
What is the greatest common factor of 4640 and 9390?
10
What is the greatest common factor of 83914 and 26?
2
Calculate the highest common factor of 226348 and 6.
2
Calculate the greatest common factor of 464 and 123047.
29
Calculate the greatest common divisor of 18001 and 7660.
383
What is the highest common divisor of 1147 and 1184?
37
What is the highest common factor of 120 and 3090?
30
What is the greatest common factor of 292379 and 1343?
79
What is the greatest common factor of 952 and 66368?
136
Calculate the highest common factor of 65475 and 108.
27
Calculate the highest common factor of 8759 and 323.
19
Calculate the greatest common factor of 2359 and 437763.
337
Calculate the greatest common divisor of 58 and 31784.
58
Calculate the highest common factor of 8485 and 3931949.
1697
What is the highest common factor of 12784 and 21556?
68
What is the highest common divisor of 1272 and 4872?
24
Calculate the highest common divisor of 151 and 3021963.
151
Calculate the highest common divisor of 527 and 1853.
17
What is the highest common divisor of 15 and 307320?
15
What is the highest common divisor of 21924 and 1421?
203
Calculate the greatest common factor of 610674 and 510.
102
What is the highest common factor of 138952 and 88?
88
Calculate the greatest common factor of 133 and 2730.
7
What is the highest common factor of 3108 and 1414?
14
What is the greatest common divisor of 101849 and 19129?
517
Calculate the greatest common factor of 146148 and 190.
38
Calculate the greatest common divisor of 14 and 321622.
14
Calculate the highest common factor of 6 and 2209938.
6
What is the greatest common divisor of 20 and 36938420?
20
What is the highest common factor of 3286 and 1178?
62
Calculate the highest common factor of 797643 and 693.
693
What is the highest common divisor of 11375 and 50505?
455
What is the greatest common factor of 171 and 6736887?
171
What is the highest common divisor of 2223733 and 1227?
409
What is the greatest common factor of 64409 and 29?
29
What is the greatest common factor of 58017 and 166?
83
What is the highest common factor of 205 and 1062720?
205
What is the highest common divisor of 136774 and 132?
22
What is the highest common factor of 2228 and 4710549?
557
What is the greatest common divisor of 9369 and 3?
3
What is the highest common factor of 14616 and 29000?
232
Calculate the greatest common divisor of 36597 and 11.
11
Calculate the greatest common divisor of 6 and 44391.
3
What is the highest common divisor of 20 and 95936?
4
What is the greatest common divisor of 38385 and 44356?
853
What is the greatest common factor of 64841 and 785?
157
What is the highest common factor of 121 and 6259?
11
What is the greatest common divisor of 965 and 12930?
5
Calculate the highest common factor of 2408 and 275114.
602
What is the highest common divisor of 1720 and 58136?
344
Calculate the highest common divisor of 65270 and 2675.
535
What is the highest common factor of 78 and 34437?
39
Calculate the greatest common factor of 1908 and 4122.
18
Calculate the highest common divisor of 91 and 26325.
13
Calculate the highest common divisor of 435 and 21605.
145
What is the highest common factor of 533957 and 38?
19
What is the highest common divisor of 12292 and 70?
14
What is the highest common factor of 6630 and 46670?
130
Calculate the greatest common divisor of 11 and 1122869.
11
What is the highest common divisor of 1275 and 11325?
75
Calculate the highest common factor of 558 and 5952.
186
What is the greatest common factor of 39 and 2461511?
13
What is the greatest common factor of 66518 and 158?
158
Calculate the highest common divisor of 333 and 703.
37
Calculate the highest common factor of 64434 and 12.
6
What is the highest common factor of 782 and 110534?
34
Calculate the highest common divisor of 346799 and 482.
241
What is the greatest common divisor of 40 and 698830?
10
What is the greatest common divisor of 32 and 98400?
32
What is the highest common divisor of 147 and 38563?
49
Calculate the greatest common divisor of 280 and 8100.
20
Calculate the highest common divisor of 64291 and 3824.
239
What is the highest common divisor of 1250 and 7400?
50
What is the greatest common factor of 19960 and 5400?
40
What is the greatest common factor of 36 and 18846?
18
Calculate the greatest common factor of 58552 and 416.
104
Calculate the greatest common divisor of 31861 and 604.
151
What is the highest common divisor of 960 and 22170?
30
What is the greatest common divisor of 46500 and 1274